{"id":20579,"date":"2025-09-07T21:04:38","date_gmt":"2025-09-07T21:04:38","guid":{"rendered":"https:\/\/musthavebuys.ca\/?product=gloria-vanderbilt-womens-amanda-straight-leg-jean-in-latte"},"modified":"2025-09-07T21:04:38","modified_gmt":"2025-09-07T21:04:38","slug":"gloria-vanderbilt-womens-amanda-straight-leg-jean-in-latte","status":"publish","type":"product","link":"https:\/\/musthavebuys.ca\/?product=gloria-vanderbilt-womens-amanda-straight-leg-jean-in-latte","title":{"rendered":"Gloria Vanderbilt Womens Amanda Straight Leg Jean in Latte"},"content":{"rendered":"<p><br \/>\nPrice: <span style=\"color:#b12704\">$38.83<\/span><br \/><i><small>(as of Sep 07, 2025 21:04:38 UTC &#8211; <span class=\"wp_automatic_amazon_disclaimer\" title=\"Product prices and availability are accurate as of the date\/time indicated and are subject to change. Any price and availability information displayed on [relevant Amazon Site(s), as applicable] at the time of purchase will apply to the purchase of this product.\">Details<\/span>)<\/small><\/i><\/p>\n<p><a href=\"https:\/\/amazon.ca\/dp\/B07JPCPD53?tag=blogwithsu04-20\"><img decoding=\"async\" src=\"https:\/\/valvepress.s3.amazonaws.com\/imgs\/buy_now.png\"><\/a><br \/>\n<br \/>\n    <span>Jean # 1 de Gloria Vanderbilt pour femmes en Am\u00e9rique avec plus de 60 millions vendus \u00e0 l&#8217;\u00e9chelle nationale &#8211; Le jean Amanda Classic High Rise se trouve \u00e0 la taille naturelle avec des poches enti\u00e8rement fonctionnelles, une braguette \u00e0 glissi\u00e8re avant, des passants de ceinture et des hanches profil\u00e9es sur un corps d\u00e9contract\u00e9 et conique pour un ajustement confortable que vous aimez . Ce pantalon taille haute va parfaitement avec tous les hauts, de la mode aux t-shirts et toutes les chaussures, de vos appartements pr\u00e9f\u00e9r\u00e9s aux talons et bottes \u00e9l\u00e9gants, parfait pour le travail, la classe ou l&#8217;happy hour. Le tissu extensible vous offre un mouvement confortable avec une r\u00e9cup\u00e9ration maximale. Disponible en couleurs unies assorties, impressions, rayures et embellissements, voir le nom de la couleur pour plus de d\u00e9tails. Gloria Vanderbilt est un look polyvalent mais classique qui attire et se connecte avec la sensibilit\u00e9 moderne des consommateurs de tous \u00e2ges.<\/p>\n<p>Gloria Vanderbilt&#8217;s # 1 Selling Women&#8217;s Jean In America with over 60 million sold nationwide &#8211; Amanda Classic High Rise Jean sits at natural waistline with fully functional pockets, front zipper fly, belt loops and contoured hips on a relaxed taper fit body for that comfort fit you&#8217;ve come to love. This High rise pant goes great with all tops from fashionable to Tee shirts and all footwear from your favorite flats to stylish heels and boots, perfect for work, class or happy hour. The stretch fabric gives you comfortable movement with maximum recovery. Available in assorted solid colors, prints, stripes and embellishments, see color name for specifics. Gloria Vanderbilt is a versatile yet classic look that attracts and connects with the modern sensibility of consumers of all ages.<\/span>    <br \/> Is discontinued by manufacturer                                            \u200f                                            :                                            \u200e                                            No   <br \/> Product Dimensions                                            \u200f                                            :                                            \u200e                                            45.72 x 30.48 x 6.35 cm; 453.59 g   <br \/> Date First Available                                            \u200f                                            :                                            \u200e                                            Feb. 4 2017   <br \/> Manufacturer                                            \u200f                                            :                                            \u200e                                            GLORIA VANDERBILT   <br \/> Place of Business                                            \u200f                                            :                                            \u200e                                            NEW YORK, NY, 10018 US   <br \/> ASIN                                            \u200f                                            :                                            \u200e                                            B01N11P23E   <br \/> Item model number                                            \u200f                                            :                                            \u200e                                            60179441-KG9   <br \/> Department<br \/>\n                                            \u200f                                            :                                            \u200e                                            womens   <br \/>       Best Sellers Rank:  #277,131 in Clothing, Shoes &#038; Accessories (See Top 100 in Clothing, Shoes &#038; Accessories)    #1,623 in Women&#8217;s Jeans      <br \/>  Customer Reviews:                                                                                     4.4             4.4 out of 5 stars                                    604 ratings                                             var dpAcrHasRegisteredArcLinkClickAction;                    P.when(&#8216;A&#8217;, &#8216;ready&#8217;).execute(function(A) {                        if (dpAcrHasRegisteredArcLinkClickAction !== true) {                            dpAcrHasRegisteredArcLinkClickAction = true;                            A.declarative(                                &#8216;acrLink-click-metrics&#8217;, &#8216;click&#8217;,                                { &#8220;allowLinkDefault&#8221;: true },                                function (event) {                                    if (window.ue) {                                        ue.count(&#8220;acrLinkClickCount&#8221;, (ue.count(&#8220;acrLinkClickCount&#8221;) || 0) + 1);                                    }                                }                            );                        }                    });                                             P.when(&#8216;A&#8217;, &#8216;cf&#8217;).execute(function(A) {                A.declarative(&#8216;acrStarsLink-click-metrics&#8217;, &#8216;click&#8217;, { &#8220;allowLinkDefault&#8221; : true },  function(event){                    if(window.ue) {                        ue.count(&#8220;acrStarsLinkWithPopoverClickCount&#8221;, (ue.count(&#8220;acrStarsLinkWithPopoverClickCount&#8221;) || 0) + 1);                    }                });            });                          <\/p>\n\n","protected":false},"excerpt":{"rendered":"<p> Jean # 1 de Gloria Vanderbilt pour femmes en Am\u00e9rique avec plus de 60 millions vendus \u00e0 l&#8217;\u00e9chelle nationale &#8211; Le jean Amanda Classic High Rise se trouve \u00e0 la taille naturelle avec des poches enti\u00e8rement fonctionnelles, une braguette \u00e0 glissi\u00e8re avant, des passants de ceinture et des hanches profil\u00e9es [&hellip;]<\/p>\n","protected":false},"featured_media":20580,"comment_status":"open","ping_status":"closed","template":"","meta":{"_gspb_post_css":""},"store":[],"product_brand":[],"product_cat":[43],"product_tag":[100],"class_list":{"0":"post-20579","1":"product","2":"type-product","3":"status-publish","4":"has-post-thumbnail","6":"product_cat-women-jeans","7":"product_tag-women-jeans","9":"first","10":"instock","11":"shipping-taxable","12":"product-type-external"},"_links":{"self":[{"href":"https:\/\/musthavebuys.ca\/index.php?rest_route=\/wp\/v2\/product\/20579","targetHints":{"allow":["GET"]}}],"collection":[{"href":"https:\/\/musthavebuys.ca\/index.php?rest_route=\/wp\/v2\/product"}],"about":[{"href":"https:\/\/musthavebuys.ca\/index.php?rest_route=\/wp\/v2\/types\/product"}],"replies":[{"embeddable":true,"href":"https:\/\/musthavebuys.ca\/index.php?rest_route=%2Fwp%2Fv2%2Fcomments&post=20579"}],"wp:featuredmedia":[{"embeddable":true,"href":"https:\/\/musthavebuys.ca\/index.php?rest_route=\/wp\/v2\/media\/20580"}],"wp:attachment":[{"href":"https:\/\/musthavebuys.ca\/index.php?rest_route=%2Fwp%2Fv2%2Fmedia&parent=20579"}],"wp:term":[{"taxonomy":"store","embeddable":true,"href":"https:\/\/musthavebuys.ca\/index.php?rest_route=%2Fwp%2Fv2%2Fstore&post=20579"},{"taxonomy":"product_brand","embeddable":true,"href":"https:\/\/musthavebuys.ca\/index.php?rest_route=%2Fwp%2Fv2%2Fproduct_brand&post=20579"},{"taxonomy":"product_cat","embeddable":true,"href":"https:\/\/musthavebuys.ca\/index.php?rest_route=%2Fwp%2Fv2%2Fproduct_cat&post=20579"},{"taxonomy":"product_tag","embeddable":true,"href":"https:\/\/musthavebuys.ca\/index.php?rest_route=%2Fwp%2Fv2%2Fproduct_tag&post=20579"}],"curies":[{"name":"wp","href":"https:\/\/api.w.org\/{rel}","templated":true}]}}